e the remainder when w(i) is divided by 12.
7
Let g = 239 + -238. Let o = g + 38. What is the remainder when 74 is divided by o?
35
Let q(h) be the first derivative of h**4/4 - 5*h**3/3 + h**2/2 + 17*h - 157. Calculate the remainder when 81 is divided by q(5).
15
Let b = 71 + -83. Let r = -21 - b. Calculate the remainder when ((-69)/r)/((-3)/(-27)) is divided by 18.
15
Suppose 5*v - s - 9152 = 0, -3*v + 30*s - 25*s = -5456. What is the remainder when v is divided by 903?
26
Suppose 6*b + 23*b + 16153 = 0. Let x = b - -1264. Calculate the remainder when x is divided by 59.
58
Let d = -7 - -11. Suppose 4*h + 4*l - 264 = 0, -2*l - 276 + 36 = -d*h. What is the remainder when h is divided by (2 + 24/(-30))/((-477)/80 + 6)?
30
Let h(w) = w + 9. Let m be h(-6). Suppose -m*o - 4 = -o, -3*o = 2*i - 26. Calculate the remainder when 72 is divided by i.
8
Let m(g) = g**2 - 20*g + 13. Suppose -3*t + o + 40 = -22, 3*o - 23 = -2*t. Let p be m(t). What is the remainder when 110 is divided by ((-7)/(21/18))/(p/16)?
14
Suppose 81*r - 13943 = -4*r + 12*r - 0*r. Calculate the remainder when r is divided by 0 - 4*16/(-2).
31
Suppose 4*r = 6*m - 1218, 12*r - 13*r = -m + 203. What is the remainder when m is divided by 36?
23
Suppose 5161 = 16*a - 4631. Let w = -564 + a. Calculate the remainder when 189 is divided by w.
45
Suppose -5*t - 2*c = 140, -4*t + 2*c - 35 = 77. Let m = 31 + t. Suppose 10*h - m = 7*h. Calculate the remainder when h is divided by 1.
0
Let y(q) = 2*q**2 + 2. Let o be y(-4). Let r = o + -35. What is the remainder when 55 is divided by (-2 - r) + 1 + 14?
13
Let k(c) = -c**3 - 15*c**2 - 11*c - 57. Let z be k(-15). Suppose 0 = -4*a + 4*n - 28 + z, -a = -2*n - 24. What is the remainder when 60 is divided by a?
12
Let g(s) = -19*s - 180. Let q be g(-12). Suppose -q = -5*a + 4*v + 491, 2*a - 210 = 3*v. Calculate the remainder when a is divided by 59.
52
What is the remainder when 239 is divided by 24/(-33) + 1264/44?
15
Let g = -128 - -120. Let s = 16 + g. What is the remainder when 37 is divided by s?
5
Let o = 1 - -1749. Calculate the remainder when o is divided by 67.
8
Let i = 892199 + -891784. Suppose 0 = 4*v - 514 + 90. What is the remainder when i is divided by v?
97
Let y(v) = -13*v + 1. Let u = 258 + -256. What is the remainder when y(-9) is divided by u/(36/102)*3?
16
Suppose -4*k = -4*m - 520, 59 = 2*m + 4*k + 289. Let z = m + 144. What is the remainder when 33 is divided by z?
14
Let y(z) = -39*z + 111. Let o(j) = 82*j - 224. Let b(i) = 2*o(i) + 5*y(i). What is the remainder when 53 is divided by b(3)?
11
Let j(q) = -q**3 - 22*q**2 + 7*q + 34. Let h be j(-22). Let o = -114 - h. Calculate the remainder when o is divided by 4.
2
Let u be ((6 - 8) + 5)/((-1)/(-8)). Suppose u*f + 20*f = 12848. Calculate the remainder when f is divided by 49.
47
Suppose 5*r + 2*n = 553, -3*r + 2*n + n = -336. Let s = r + -98. Calculate the remainder when 36 is divided by s.
10
Let u(f) = 2*f**2 + 3*f - 19. Let p be u(-4). What is the remainder when 37 is divided by (9*p)/(6 - 3) + 16?
18
Suppose -816 - 120 = 6*x. Let v = x - -191. What is the remainder when v is divided by 12?
11
Suppose 4*i = -3*f - 2343, 3*i = f + 3*f + 3099. Let j = -638 - f. Calculate the remainder when j is divided by 28.
27
Let f be -24 - -24 - 1*30. What is the remainder when 56 is divided by f*(3 - (-12)/(-3))?
26
What is the remainder when (40638/9)/1 + 100/(-300) is divided by 119?
112
Suppose -3*c = 3*u - 210, 14*c - 19*c - 218 = -3*u. Calculate the remainder when 889 is divided by u.
37
Let c = -70 + 70. Suppose 3*x = 2*p - 27 + 3, -x - 2 = 0. Let t = p + c. What is the remainder when 23 is divided by t?
5
Suppose -1137*m = 1847*m - 834*m - 25800. What is the remainder when (-834)/(-10) - (-4)/(-10) is divided by m?
11
Let o = 7 - -145. Suppose 4*s - 4*d - o = 0, 5*s + 5*d = 9*d + 191. Suppose -242 = -3*l - 17. What is the remainder when l is divided by s?
36
Let z be 50/30*(-6)/(-5). Let i(y) = 2*y**2 - 3*y**2 + y + 62 - z*y - y**2. What is the remainder when i(0) is divided by 21?
20
Suppose -28*w - 1843 = -8115. Calculate the remainder when 1140 is divided by w.
20
Let m be (142/(-6))/(1/(-3)). Suppose 52 = -x + m. Let c = -2 - -9. What is the remainder when x is divided by c?
5
Let s(x) = 59*x - 6047. What is the remainder when 1207 is divided by s(103)?
7
Let m be 10/25 + 4/(-10). Suppose 0*o + 5*o - 250 = m. Calculate the remainder when 449 is divided by o.
49
Let d(t) = -t**3 + 7*t**2 + 4*t - 7. Let h be d(5). Let g = h - -22. Calculate the remainder when g + (-4)/(-16)*4 is divided by 15.
11
Let l(d) = -d**3 - 13*d**2 - 21*d + 2. Let f be l(-9). Let j = f + 179. What is the remainder when j is divided by 10?
6
Suppose 44*z = 49*z - 2*i - 26036, 4*i + 15630 = 3*z. What is the remainder when z is divided by 14?
12
Suppose -4*f - 14 = -5*c, 3*c = 3*f + 12 - 6. Suppose 2*o + 5*j + c - 26 = 0, -2*j = -3*o + 49. Calculate the remainder when 28 is divided by o.
13
Let s = 835 + -828. Let x = 55 - 31. Suppose x = 5*g - 1. What is the remainder when s is divided by g?
2
Suppose 59*d - 220 = 55*d. What is the remainder when -1*2/4*-84 is divided by (-188)/(-20) - 22/d?
6
Suppose 0 = -88*k + 85*k + m + 4957, k = m + 1653. What is the remainder when k is divided by 9?
5
Suppose 0 = -177*q + 114*q + 15813. What is the remainder when 1754 is divided by q?
248
Let q(g) = -2*g**2 - 16*g - 10. Let n be q(-6). Suppose 2973 + 79 = n*l. Calculate the remainder when l is divided by 3883/88 - 2/16.
42
Suppose -19*w - 6100 = -29*w - 90*w. What is the remainder when 151 is divided by w?
29
What is the remainder when (-53680)/(-66) + (-8)/6 is divided by 59?
45
Let l(a) = 4*a**3 + 2*a - 1. Let u be l(1). Suppose -83 - 167 = -u*y. Suppose c = -c + 3*k + 51, 4*k = -20. Calculate the remainder when y is divided by c.
14
Let q(b) = b**2 - 18*b + 169. Calculate the remainder when q(8) is divided by 8.
1
Let u be (483/92)/(-3 - 21/(-8)). Let d(i) = 16*i + 349. What is the remainder when d(u) is divided by 45?
35
Let w = -367 - -2065. Calculate the remainder when w is divided by 17.
15
Suppose -5*t - 133 = -3*r + 5*r, -t - 5*r - 22 = 0. Let c = 77 + t. What is the remainder when 399 is divided by c?
49
Let z(r) = r**3 + 3*r**2 - 11*r - 20. Let a = 146 + -150. Calculate the remainder when 98 is divided by z(a).
2
Let b = 14278 - 14127. What is the remainder when 467 is divided by b?
14
Let w(g) = -85*g**3 - 2*g**2 - g. Let l be w(-1). Let k = -69 + l. Suppose k*z = 118 + 317. Calculate the remainder when z is divided by 15.
14
Let o(q) = 66*q - 3280. What is the remainder when 238 is divided by o(50)?
18
Let n(j) = -2*j**3 - 9*j**2 - 18*j + 5. Let l be n(-5). Suppose 3*r - l = 3*a, 60 = -a + 65. Calculate the remainder when 104 is divided by r.
14
Let t(q) = 11*q**2 - 138*q + 1089. Calculate the remainder when t(9) is divided by 53.
49
Let w = -1240 - -8975. What is the remainder when w is divided by 20?
15
Suppose 0 = -d + m + 22541, -d - 292*m = -294*m - 22540. What is the remainder when d is divided by 135?
132
Suppose 10*p - 9 = 111. Suppose -3*r - p = -15. Suppose 10 = m - r. Calculate the remainder when m is divided by 4.
3
Let x = 8018 + -7884. Calculate the remainder when 17149 is divided by x.
131
Let b(v) = v**3 - 48*v**2 - 47*v - 95. Let n be b(49). Suppose -30 = n*l - 8*l. Calculate the remainder when (-320)/(-15) - 1/3 is divided by l.
3
Let j(a) = 7*a - 81. Let f be j(13). Suppose -4*b + 2 = -f, 0 = l - 2*b - 11. Suppose -2*h = 2*h - 40. What is the remainder when l is divided by h?
7
Let y(j) = -j**2 + 16*j - 40. Calculate the remainder when (-1649)/(-9) - (-2)/(-9) is divided by y(9).
22
Let q be 3/8 - ((-19)/(-38) + 1154/(-16)). Suppose 2*b = s - 28, -24 - 13 = -s - b. Calculate the remainder when 51 is divided by 2/(2 + s*(-4)/q).
15
Suppose -4*s + s = -39. Let u(w) = 107*w**2 + w - 2. Let y be u(1). Let t = 144 - y. Calculate the remainder when t is divided by s.
12
Suppose 100 = 7*x + 912. Let y be (-6380)/36 + x/(-36) + -3. Calculate the remainder when (-3)/12*((y - -3) + 2) is divided by 17.
9
Suppose 0 = 29*v - 24*v - 35. Suppose -148 = -v*w + 6. Calculate the remainder when 57 is divided by w.
13
Let v = 5 + -3. Suppose 4*a = c, a + v*a = 3*c - 45. Suppose -283 = -5*r - 5*m + 8*